{"id":774,"date":"2025-03-15T17:32:21","date_gmt":"2025-03-15T17:32:21","guid":{"rendered":"https:\/\/adiuvare.de\/?page_id=774"},"modified":"2025-03-15T17:32:45","modified_gmt":"2025-03-15T17:32:45","slug":"impressum","status":"publish","type":"page","link":"https:\/\/adiuvare.de\/?page_id=774","title":{"rendered":"Impressum"},"content":{"rendered":"\t\t<div data-elementor-type=\"wp-page\" data-elementor-id=\"774\" class=\"elementor elementor-774\" data-elementor-post-type=\"page\">\n\t\t\t\t<div class=\"elementor-element elementor-element-8077a24 e-flex e-con-boxed e-con e-parent\" data-id=\"8077a24\" data-element_type=\"container\" data-e-type=\"container\">\n\t\t\t\t\t<div class=\"e-con-inner\">\n\t\t\t\t<div class=\"elementor-element elementor-element-a0a4fe3 elementor-widget elementor-widget-text-editor\" data-id=\"a0a4fe3\" data-element_type=\"widget\" data-e-type=\"widget\" data-widget_type=\"text-editor.default\">\n\t\t\t\t<div class=\"elementor-widget-container\">\n\t\t\t\t\t\t\t\t\t<h2>\u00a0<\/h2><h2>Angaben gem\u00e4\u00df \u00a7 5 TMG:<\/h2><p>adiuvare Steuerberatungsgesellschaft mbH<br \/>Von-Kluck-Stra\u00dfe 14-16<br \/>48151 M\u00fcnster<\/p><h2>Vertreten durch:<\/h2><p>adiuvare Steuerberatungsgesellschaft mbH<br \/>Silke Wenking, Steuerberaterin und Gesch\u00e4ftsf\u00fchrerin<\/p><h2>Kontakt:<\/h2><p>Telefon: 0251 395889-0<br \/>Telefax: 0251 395889-20<br \/>E-Mail: info@adiuvare.de<\/p><h2>Registereintrag:<\/h2><p>Eintragung im Handelsregister.<br \/>Registergericht:Amtsgericht M\u00fcnster<br \/>Registernummer: 10998<\/p><h2>Berufsbezeichnung und berufsrechtliche Regelungen<\/h2><p>Berufsbezeichnung: Steuerberaterin<br \/>Zust\u00e4ndige Kammer: Steuerberaterkammer M\u00fcnster<br \/>Verliehen durch: Deutschland<br \/>Es gelten folgende berufsrechtliche Regelungen: Steuerberatungsgesetz (StBerG), Durchf\u00fchrungsverordnungen zum Steuerberatungsgesetz (DVStB), Berufsordnung (BOStB), Steuerberaterverg\u00fctungsverordnung (StBVV)<br \/>Regelungen einsehbar unter:\u00a0<a href=\"http:\/\/www.stbk.de\/\" target=\"_blank\" rel=\"noopener\">http:\/\/www.stbk.de<\/a><\/p><h2>Angaben zur Berufshaftpflichtversicherung<\/h2><p>Name und Sitz des Versicherers:<br \/>N\u00fcrnberger Allgemeine Versicherungs AG in N\u00fcrnberg<\/p><p>Geltungsraum der Versicherung: Deutschland<\/p><h2>Streitschlichtung<\/h2><p>Die Europ\u00e4ische Kommission stellt eine Plattform zur Online-Streitbeilegung (OS) bereit:\u00a0<a href=\"https:\/\/ec.europa.eu\/consumers\/odr\" target=\"_blank\" rel=\"noopener\">https:\/\/ec.europa.eu\/consumers\/odr<\/a>.<br \/>Unsere E-Mail-Adresse finden Sie oben im Impressum.<\/p><p>Wir sind nicht bereit oder verpflichtet, an Streitbeilegungsverfahren vor einer Verbraucherschlichtungsstelle teilzunehmen.<\/p><h3>Haftung f\u00fcr Inhalte<\/h3><p>Als Diensteanbieter sind wir gem\u00e4\u00df \u00a7 7 Abs.1 TMG f\u00fcr eigene Inhalte auf diesen Seiten nach den allgemeinen Gesetzen verantwortlich. Nach \u00a7\u00a7 8 bis 10 TMG sind wir als Diensteanbieter jedoch nicht verpflichtet, \u00fcbermittelte oder gespeicherte fremde Informationen zu \u00fcberwachen oder nach Umst\u00e4nden zu forschen, die auf eine rechtswidrige T\u00e4tigkeit hinweisen.<\/p><p>Verpflichtungen zur Entfernung oder Sperrung der Nutzung von Informationen nach den allgemeinen Gesetzen bleiben hiervon unber\u00fchrt. Eine diesbez\u00fcgliche Haftung ist jedoch erst ab dem Zeitpunkt der Kenntnis einer konkreten Rechtsverletzung m\u00f6glich. Bei Bekanntwerden von entsprechenden Rechtsverletzungen werden wir diese Inhalte umgehend entfernen.<\/p><h3>Haftung f\u00fcr Links<\/h3><p>Unser Angebot enth\u00e4lt Links zu externen Websites Dritter, auf deren Inhalte wir keinen Einfluss haben. Deshalb k\u00f6nnen wir f\u00fcr diese fremden Inhalte auch keine Gew\u00e4hr \u00fcbernehmen. F\u00fcr die Inhalte der verlinkten Seiten ist stets der jeweilige Anbieter oder Betreiber der Seiten verantwortlich. Die verlinkten Seiten wurden zum Zeitpunkt der Verlinkung auf m\u00f6gliche Rechtsverst\u00f6\u00dfe \u00fcberpr\u00fcft. Rechtswidrige Inhalte waren zum Zeitpunkt der Verlinkung nicht erkennbar.<\/p><p>Eine permanente inhaltliche Kontrolle der verlinkten Seiten ist jedoch ohne konkrete Anhaltspunkte einer Rechtsverletzung nicht zumutbar. Bei Bekanntwerden von Rechtsverletzungen werden wir derartige Links umgehend entfernen.<\/p><h3>Urheberrecht<\/h3><p>Die durch die Seitenbetreiber erstellten Inhalte und Werke auf diesen Seiten unterliegen dem deutschen Urheberrecht. Die Vervielf\u00e4ltigung, Bearbeitung, Verbreitung und jede Art der Verwertung au\u00dferhalb der Grenzen des Urheberrechtes bed\u00fcrfen der schriftlichen Zustimmung des jeweiligen Autors bzw. Erstellers. Downloads und Kopien dieser Seite sind nur f\u00fcr den privaten, nicht kommerziellen Gebrauch gestattet.<\/p><p>Soweit die Inhalte auf dieser Seite nicht vom Betreiber erstellt wurden, werden die Urheberrechte Dritter beachtet. Insbesondere werden Inhalte Dritter als solche gekennzeichnet. Sollten Sie trotzdem auf eine Urheberrechtsverletzung aufmerksam werden, bitten wir um einen entsprechenden Hinweis. Bei Bekanntwerden von Rechtsverletzungen werden wir derartige Inhalte umgehend entfernen.<\/p>\t\t\t\t\t\t\t\t<\/div>\n\t\t\t\t<\/div>\n\t\t\t\t\t<\/div>\n\t\t\t\t<\/div>\n\t\t\t\t<\/div>\n\t\t","protected":false},"excerpt":{"rendered":"<p>\u00a0 Angaben gem\u00e4\u00df \u00a7 5 TMG: adiuvare Steuerberatungsgesellschaft mbHVon-Kluck-Stra\u00dfe 14-1648151 M\u00fcnster Vertreten durch: adiuvare Steuerberatungsgesellschaft mbHSilke Wenking, Steuerberaterin und Gesch\u00e4ftsf\u00fchrerin Kontakt: Telefon: 0251 395889-0Telefax: 0251 395889-20E-Mail: info@adiuvare.de Registereintrag: Eintragung im Handelsregister.Registergericht:Amtsgericht M\u00fcnsterRegisternummer: 10998 Berufsbezeichnung und berufsrechtliche Regelungen Berufsbezeichnung: SteuerberaterinZust\u00e4ndige Kammer: Steuerberaterkammer M\u00fcnsterVerliehen durch: DeutschlandEs gelten folgende berufsrechtliche Regelungen: Steuerberatungsgesetz (StBerG), Durchf\u00fchrungsverordnungen zum Steuerberatungsgesetz (DVStB), Berufsordnung [&hellip;]<\/p>\n","protected":false},"author":1,"featured_media":0,"parent":0,"menu_order":0,"comment_status":"closed","ping_status":"closed","template":"elementor_header_footer","meta":{"footnotes":""},"class_list":["post-774","page","type-page","status-publish","hentry"],"_links":{"self":[{"href":"https:\/\/adiuvare.de\/index.php?rest_route=\/wp\/v2\/pages\/774","targetHints":{"allow":["GET"]}}],"collection":[{"href":"https:\/\/adiuvare.de\/index.php?rest_route=\/wp\/v2\/pages"}],"about":[{"href":"https:\/\/adiuvare.de\/index.php?rest_route=\/wp\/v2\/types\/page"}],"author":[{"embeddable":true,"href":"https:\/\/adiuvare.de\/index.php?rest_route=\/wp\/v2\/users\/1"}],"replies":[{"embeddable":true,"href":"https:\/\/adiuvare.de\/index.php?rest_route=%2Fwp%2Fv2%2Fcomments&post=774"}],"version-history":[{"count":4,"href":"https:\/\/adiuvare.de\/index.php?rest_route=\/wp\/v2\/pages\/774\/revisions"}],"predecessor-version":[{"id":778,"href":"https:\/\/adiuvare.de\/index.php?rest_route=\/wp\/v2\/pages\/774\/revisions\/778"}],"wp:attachment":[{"href":"https:\/\/adiuvare.de\/index.php?rest_route=%2Fwp%2Fv2%2Fmedia&parent=774"}],"curies":[{"name":"wp","href":"https:\/\/api.w.org\/{rel}","templated":true}]}}